{"id":2775,"date":"2024-03-05T16:39:17","date_gmt":"2024-03-05T13:39:17","guid":{"rendered":"https:\/\/esmenoglutekstil.com\/?post_type=product&#038;p=2775"},"modified":"2025-07-05T00:27:35","modified_gmt":"2025-07-04T21:27:35","slug":"amerikan","status":"publish","type":"product","link":"https:\/\/esmenoglutekstil.com\/index.php\/product\/amerikan\/","title":{"rendered":"Amerika Kap\u00fc\u015fonlu Bornoz"},"content":{"rendered":"","protected":false},"excerpt":{"rendered":"<p>E\u015fmeno\u011flu Tekstil, Amerikan tarz\u0131 bornoz koleksiyonu ile evdeki rahatl\u0131\u011f\u0131n\u0131za bir dokunu\u015f daha ekliyor! \u0130konik tarz\u0131 ve maksimum konforuyla bu bornoz, g\u00fcnl\u00fck ya\u015fam\u0131n\u0131z\u0131 daha keyifli ve \u015f\u0131k hale getiriyor.<\/p>\n","protected":false},"featured_media":2777,"comment_status":"open","ping_status":"closed","template":"","meta":{"_monsterinsights_skip_tracking":false,"_monsterinsights_sitenote_active":false,"_monsterinsights_sitenote_note":"","_monsterinsights_sitenote_category":0},"product_cat":[15],"product_tag":[],"aioseo_notices":[],"_links":{"self":[{"href":"https:\/\/esmenoglutekstil.com\/index.php\/wp-json\/wp\/v2\/product\/2775"}],"collection":[{"href":"https:\/\/esmenoglutekstil.com\/index.php\/wp-json\/wp\/v2\/product"}],"about":[{"href":"https:\/\/esmenoglutekstil.com\/index.php\/wp-json\/wp\/v2\/types\/product"}],"replies":[{"embeddable":true,"href":"https:\/\/esmenoglutekstil.com\/index.php\/wp-json\/wp\/v2\/comments?post=2775"}],"wp:featuredmedia":[{"embeddable":true,"href":"https:\/\/esmenoglutekstil.com\/index.php\/wp-json\/wp\/v2\/media\/2777"}],"wp:attachment":[{"href":"https:\/\/esmenoglutekstil.com\/index.php\/wp-json\/wp\/v2\/media?parent=2775"}],"wp:term":[{"taxonomy":"product_cat","embeddable":true,"href":"https:\/\/esmenoglutekstil.com\/index.php\/wp-json\/wp\/v2\/product_cat?post=2775"},{"taxonomy":"product_tag","embeddable":true,"href":"https:\/\/esmenoglutekstil.com\/index.php\/wp-json\/wp\/v2\/product_tag?post=2775"}],"curies":[{"name":"wp","href":"https:\/\/api.w.org\/{rel}","templated":true}]}}