{"id":2779,"date":"2024-03-05T16:44:34","date_gmt":"2024-03-05T13:44:34","guid":{"rendered":"https:\/\/esmenoglutekstil.com\/?post_type=product&#038;p=2779"},"modified":"2025-07-08T14:04:02","modified_gmt":"2025-07-08T11:04:02","slug":"renkli-bornoz","status":"publish","type":"product","link":"https:\/\/esmenoglutekstil.com\/index.php\/product\/renkli-bornoz\/","title":{"rendered":"MAV\u0130 KAP\u015eONLU BEDENL\u0130 BORNOZ"},"content":{"rendered":"","protected":false},"excerpt":{"rendered":"<div class=\"seese_single_product_excerpt\">\n<div class=\"woocommerce-product-details__short-description\">\n<p>E\u015fmeno\u011flu Tekstil, renkli bornoz koleksiyonu ile banyo deneyiminizi renklendirmeye geliyor! Y\u00fcksek kaliteli pamuklu dokusu ve canl\u0131 renk se\u00e7enekleriyle bu bornoz, sadece bir giyim par\u00e7as\u0131 de\u011fil, ayn\u0131 zamanda enerji dolu anlar\u0131n\u0131z\u0131n tamamlay\u0131c\u0131s\u0131.<\/p>\n<\/div>\n<\/div>\n<div class=\"product_meta\"><\/div>\n","protected":false},"featured_media":2780,"comment_status":"open","ping_status":"closed","template":"","meta":{"_monsterinsights_skip_tracking":false,"_monsterinsights_sitenote_active":false,"_monsterinsights_sitenote_note":"","_monsterinsights_sitenote_category":0},"product_cat":[15],"product_tag":[],"aioseo_notices":[],"_links":{"self":[{"href":"https:\/\/esmenoglutekstil.com\/index.php\/wp-json\/wp\/v2\/product\/2779"}],"collection":[{"href":"https:\/\/esmenoglutekstil.com\/index.php\/wp-json\/wp\/v2\/product"}],"about":[{"href":"https:\/\/esmenoglutekstil.com\/index.php\/wp-json\/wp\/v2\/types\/product"}],"replies":[{"embeddable":true,"href":"https:\/\/esmenoglutekstil.com\/index.php\/wp-json\/wp\/v2\/comments?post=2779"}],"wp:featuredmedia":[{"embeddable":true,"href":"https:\/\/esmenoglutekstil.com\/index.php\/wp-json\/wp\/v2\/media\/2780"}],"wp:attachment":[{"href":"https:\/\/esmenoglutekstil.com\/index.php\/wp-json\/wp\/v2\/media?parent=2779"}],"wp:term":[{"taxonomy":"product_cat","embeddable":true,"href":"https:\/\/esmenoglutekstil.com\/index.php\/wp-json\/wp\/v2\/product_cat?post=2779"},{"taxonomy":"product_tag","embeddable":true,"href":"https:\/\/esmenoglutekstil.com\/index.php\/wp-json\/wp\/v2\/product_tag?post=2779"}],"curies":[{"name":"wp","href":"https:\/\/api.w.org\/{rel}","templated":true}]}}