{"id":3077,"date":"2024-03-16T16:26:32","date_gmt":"2024-03-16T13:26:32","guid":{"rendered":"https:\/\/esmenoglutekstil.com\/?post_type=product&#038;p=3077"},"modified":"2025-08-13T12:14:13","modified_gmt":"2025-08-13T09:14:13","slug":"pudra-cizgili-bornoz","status":"publish","type":"product","link":"https:\/\/esmenoglutekstil.com\/index.php\/product\/pudra-cizgili-bornoz\/","title":{"rendered":"Pudra \u00c7izgili Bornoz"},"content":{"rendered":"","protected":false},"excerpt":{"rendered":"<p>E\u015fmeno\u011flu Tekstil, konfor ve \u015f\u0131kl\u0131\u011f\u0131 bir araya getirerek tasarlad\u0131\u011f\u0131 \u00e7izgili bornozuyla g\u00fcn\u00fcn\u00fcz\u00fc daha \u00f6zel k\u0131l\u0131yor. Yumu\u015fak pamuklu dokusu ve zarif \u00e7izgi deseni ile bu bornoz, g\u00fcnl\u00fck ya\u015fam\u0131n\u0131za ferahl\u0131k ve konfor katmak i\u00e7in ideal bir tercih.<\/p>\n","protected":false},"featured_media":2763,"comment_status":"open","ping_status":"closed","template":"","meta":{"_monsterinsights_skip_tracking":false,"_monsterinsights_sitenote_active":false,"_monsterinsights_sitenote_note":"","_monsterinsights_sitenote_category":0},"product_cat":[15],"product_tag":[],"aioseo_notices":[],"_links":{"self":[{"href":"https:\/\/esmenoglutekstil.com\/index.php\/wp-json\/wp\/v2\/product\/3077"}],"collection":[{"href":"https:\/\/esmenoglutekstil.com\/index.php\/wp-json\/wp\/v2\/product"}],"about":[{"href":"https:\/\/esmenoglutekstil.com\/index.php\/wp-json\/wp\/v2\/types\/product"}],"replies":[{"embeddable":true,"href":"https:\/\/esmenoglutekstil.com\/index.php\/wp-json\/wp\/v2\/comments?post=3077"}],"wp:featuredmedia":[{"embeddable":true,"href":"https:\/\/esmenoglutekstil.com\/index.php\/wp-json\/wp\/v2\/media\/2763"}],"wp:attachment":[{"href":"https:\/\/esmenoglutekstil.com\/index.php\/wp-json\/wp\/v2\/media?parent=3077"}],"wp:term":[{"taxonomy":"product_cat","embeddable":true,"href":"https:\/\/esmenoglutekstil.com\/index.php\/wp-json\/wp\/v2\/product_cat?post=3077"},{"taxonomy":"product_tag","embeddable":true,"href":"https:\/\/esmenoglutekstil.com\/index.php\/wp-json\/wp\/v2\/product_tag?post=3077"}],"curies":[{"name":"wp","href":"https:\/\/api.w.org\/{rel}","templated":true}]}}